False
Suppose -3*u - 16966 = -2*x, 4*u - 1669 = -x + 6814. Is x a prime number?
False
Is (-595)/35 - 198976/(-4) prime?
True
Let q(k) = 16*k**3 - k - 5 - 3*k**3 - 51*k**3 - 73*k**3 + k**2. Is q(-2) a prime number?
False
Let w(p) = 219187*p**3 + 16*p**2 - 11*p - 5. Is w(1) composite?
False
Let s = 71893 + 390508. Is s a prime number?
True
Let t(l) = l**2 + 10*l - 41. Let s be t(-13). Let c = 24 + -22. Is s*(-1)/c*699 composite?
True
Let j(l) = 5*l**3 + 2*l**2 + 6*l + 1004. Let g(q) = -14*q**3 - 5*q**2 - 17*q - 3013. Let s(n) = -3*g(n) - 8*j(n). Is s(0) prime?
False
Let b = -7257 + 33560. Is b a composite number?
True
Suppose -3*z = 2*t + 495, -2*t - 1005 = 2*t + z. Is (-2)/18 - 883288/t prime?
False
Suppose 9*i - 493987 = 1260734. Is i a composite number?
True
Suppose -12 = -6*k - 24. Let z(h) = -2*h + 3. Let n be z(k). Is ((-16)/28)/1 - (-4547)/n composite?
True
Let m(n) = 8*n**3 - n**2 + 11*n - 19. Suppose 4*r - 20 = 0, -17*b + r + 13 = -14*b. Is m(b) a composite number?
True
Suppose -2*c = 2*d - 565742, -5*d + 0*c + 1414355 = -c. Is d composite?
True
Suppose 20*t - 53474 = 73666. Suppose 13*l - t = 10*l. Is l prime?
False
Suppose 0 = -3*r - 2*z - 4462, 3*r = -3*z - 2048 - 2410. Let j = 1976 - r. Is j a composite number?
True
Suppose 0 = 12*j - 182 - 58. Suppose j*y + 90549 = 29*y. Is y a composite number?
False
Let h(d) be the second derivative of -31*d**3 + 25*d**2/2 - 483*d. Let o(z) = -z - 14. Let n be o(-9). Is h(n) prime?
False
Let u be 1 + (0/(-1) - 1). Let o be 11 + -3 + (-60)/9*-135. Suppose 0 = v + 4, u = -2*k - v - v + o. Is k prime?
False
Let z = 5795 - 3986. Suppose -10*r + 44621 = -z. Is r a prime number?
True
Let t(r) be the second derivative of r**3/3 - 15*r**2/2 + r. Let q be t(11). Is 796/3 - q/21 a prime number?
False
Let v(y) be the first derivative of -5*y + 1/3*y**3 - 14 + 2*y**2 - 1/4*y**4. Is v(-6) a prime number?
True
Suppose 428 = 4*i + 2*g, -i + 2*g = 3*g - 107. Suppose i = 4*l + 79. Suppose -l*j = -17201 + 1696. Is j prime?
False
Let o(z) = 26275*z**2 - 56*z + 109. Is o(2) prime?
True
Let p(l) = 506*l + 9. Let k(h) = h**3 - 5*h**2 + 7*h + 4. Let n be k(5). Let c = -36 + n. Is p(c) a prime number?
False
Let a(y) = 4*y + 2. Let l be a(3). Let f = 19 - l. Suppose -4*r = 5*o - 10741, -3*o - f*r + 6445 = -3*r. Is o a prime number?
False
Let n = -110169 - -196672. Is n a composite number?
True
Let o(j) = -2842*j**3 + 2*j**2 + 41*j + 77. Is o(-2) prime?
True
Suppose -7681 = -3*a + 5*y + 9655, -a - 2*y + 5797 = 0. Suppose -3*j + 2*z + 0*z + a = 0, -9658 = -5*j - z. Is j a composite number?
False
Suppose 0 = -3*o - 4*w - 7482, -o - 4*w - 205 = 2281. Let h = -292 - o. Is h a composite number?
True
Suppose 1517747 = -5*n + 45*n - 2005013. Is n a composite number?
False
Suppose 3*g + 2*o = 0, -4*g - 6*o = -2*o. Let l be 2690 - (g + 6) - 2/(-1). Let d = l - 1483. Is d a composite number?
True
Suppose 545 = 55*u + 54*u. Let k(l) = 37*l**3 + 2*l**2 - 3*l + 3. Let c be k(4). Suppose -4*b - w + 5905 = 0, 4991 + c = u*b + w. Is b a prime number?
False
Let m = 479117 - 232200. Is m a prime number?
False
Let u = 364558 + -137391. Is u prime?
True
Suppose -4*q + 96519 = 3*w, -2*q = -14*w + 10*w + 128692. Is w composite?
False
Let w = 8258 + 7063. Suppose w = 12*y - 4923. Is y a prime number?
False
Let c = 6979 - -1711. Let d = c - 6037. Is d prime?
False
Let d(n) = -n**2 + 10*n - 13. Let v be d(8). Let o be (-6)/(v + 0) - -5. Is o*((1 - 4) + 40) a composite number?
True
Let f(a) = 348 + 3450*a**2 + 351 - 696 - 4*a. Is f(1) a prime number?
True
Let j(r) = -1051*r + 6. Let v(n) = -n**3 + 5*n**2 + 1. Let u be v(-4). Let p = u - 150. Is j(p) prime?
True
Suppose -2*d = 2*x - 4464, -2*x + 285 = -d + 2526. Let w = d + -542. Is w a prime number?
True
Let o = -1664 - -1669. Suppose 5*b = -2*d + 29, -5*d + 15 = 3*b - 10. Suppose 10 = o*c, -117 = -3*n + 2*c - b*c. Is n composite?
False
Suppose -5*p - m - 2*m = 0, 0 = p + 5*m + 22. Let h(t) = 1 - 6 + 0*t**2 - 9*t + t**p + 2*t**2. Is h(7) composite?
False
Is 216 - 55/(-11) - 8 composite?
True
Suppose 40*w + 3*z + 30247 = 41*w, -4*w + 120962 = z. Is w composite?
False
Let a(i) = -i**3 - 44*i**2 + 15*i - 209. Is a(-63) a composite number?
False
Suppose 0 = -12*b + 9*b + 72. Let j(y) = 2 - b*y**2 + 17*y**2 - y + 11*y**2. Is j(-7) prime?
False
Let p(y) be the third derivative of -11/6*y**3 + 0*y + 35*y**2 + 1/120*y**6 - 5/24*y**4 + 0 - 17/60*y**5. Is p(18) a composite number?
False
Let v(w) = -2*w**3 - 10*w**2 - 3*w + 11. Let p be v(-7). Let h be 0 - 8028/32 - (-9)/(-72). Let t = p - h. Is t a composite number?
False
Suppose 5*p + 83805 = 5*m, 18221 = -2*p + 5*m - 15298. Let k = 24291 + p. Is k a prime number?
True
Let s(r) = -121*r + 229. Let z be s(-6). Let j be 2/1 + (-1 - -5). Suppose j*o - z = o. Is o a prime number?
True
Let d be 7 + -3 - 2/((-2)/3). Suppose 12*a - 588 = 6*a. Suppose -5*y + d*y - a = 0. Is y composite?
True
Let s(q) = -q**3 + 27*q**2 - 52*q - 55. Let f be s(31). Let n = f - -8090. Is n a prime number?
True
Let p(y) = 8487*y**3 + 5*y**2 + y + 1. Is p(2) a prime number?
False
Suppose -4*z = -5*u + 120815, 21*z - 9*z = 7*z. Is u a prime number?
False
Is (-14)/(2310/(-79170443)) + (-10)/(-75) a composite number?
False
Let c(j) = -4*j**2 + 2117*j**3 - 1089*j**3 - 2 - 1021*j**3. Let q = 10 + -3. Is c(q) a prime number?
True
Suppose 178*i + 4736706 = 14588116. Is i a composite number?
True
Suppose -2*b + 5*j = -208, 3*b - 3*j + 6*j - 291 = 0. Is 112772/b + (-2 + 0)/18 a composite number?
True
Suppose -36*x = -39*x - 909. Suppose 0 = -3*c - 1412 - 994. Let q = x - c. Is q prime?
True
Let p(w) be the second derivative of -40*w**3 + w**2/2 - 3*w. Let t be p(8). Let s = -1354 - t. Is s a composite number?
True
Let s be (-16)/(-72) - (-28)/(-27)*6. Let j be -2 + 5 + 4 + s. Let g(z) = 1202*z**2 + 2*z - 3. Is g(j) a prime number?
True
Let c = -9656 - -23895. Let s = 22742 - c. Is s prime?
False
Let c = -95 + 95. Suppose c = -2*z - 9*z + 48301. Is z a composite number?
False
Let v be 9 + (-2 - 0) - 0. Suppose -v*f = -73 - 11. Suppose -n + 5*i + 64 = 0, -i = 3*i - f. Is n a prime number?
True
Suppose 3*g - 2 = 7. Let b(v) = 14*v - 2*v**2 - 1 - 1120*v**g - 16*v - 350*v**3. Is b(-1) composite?
True
Let l be (2/4)/((-3)/(-12)*-2). Let o be 4 - (l - 1 - -4). Let h(v) = 150*v**3 + 3*v**2 - 6*v + 7. Is h(o) prime?
False
Let x(t) = 370*t**2 - 2*t - 2. Let l be x(-1). Suppose -1437 = -c - l. Is c a composite number?
True
Let c(y) = -13*y**3 + y + 2. Let r be c(-1). Suppose t + 3 = r. Let s(f) = 47*f - 50. Is s(t) prime?
True
Suppose 70*a + 15420773 = 48*a + 40818651. Is a a prime number?
True
Is (3/5)/(9/4755) prime?
True
Suppose -8*l + 485 = -2467. Suppose -l*r - 2454 = -375*r. Is r prime?
True
Suppose 0 = -4*h + k + 1845689, -3*h + k + 831134 = -553132. Is h a prime number?
False
Suppose 5*n - 197404 - 94787 = -2*f, -5*n - 5*f = -292185. Is n a composite number?
False
Let c = 8 + 24. Let n(d) = 18*d + 25*d - 13 + c*d - 17*d. Is n(14) a prime number?
False
Let u(w) be the third derivative of 57*w**4/8 + 55*w**3/6 + w**2 - 3*w. Is u(8) a prime number?
True
Suppose 3*r = 5*n - 127874 + 987330, -859451 = -3*r + 4*n. Is r a composite number?
False
Let x(p) = -p**3 + 6*p**2 - 7*p + 7. Let b be x(5). Suppose 22*y + 7 = 73. Is 66/(-3)*y/b prime?
False
Suppose 6*q = -25*q + 368931. Is (12/9)/(4/q) prime?
True
Let d(o) = 894*o**2 - 283*o + 3. Is d(-10) composite?
False
Suppose q - 2*m - 463 - 1133 = 0, 2*m + 8012 = 5*q. Suppose a - 2 = 0, 5*a - 6466 + q = -4*s. Is s a prime number?
True
Let n = 14429 - 13622. Is n composite?
True
Is (-11947684)/(-1328) - ((-2)/2)/4 a prime number?
False
Suppose 6*k = -10*k - 400. Let b(j) = -20*j - 9. Is b(k) prime?
True
Let g(y) = -5*y - 15. Let a be g(-10). Let q = a - 30. Suppose -1443 = 2*m - q*m. Is m a composite number?
True
Suppose 0 = 3*c + c. Suppose -a - 275 = d - 0*d, c = -2*a - 3*d - 546. Let j = a + 532. Is j a prime number?
False
Let h(x) be the third derivative of 7*x**5/4 - 7*x**4/12 + 7*x**3/2 - 9*x**2. Let q be h(9). Let b = q + -5963. Is b composite?
False
Suppose 4190*b - 4240*b + 20950 = 0. Is b composite?
False
Let x(r) = -r**3 - r**2 - 2*r - 3158. Let h be x(0). Let y = -1627 - h. Is y prime?
True
Is 6/(-5) + (-5)/(75/(-18)) - -305314 a composite num